ime factors of m(c).
59
Suppose 6*i + 0*i = -984. Let u = -95 - i. What are the prime factors of u?
3, 23
Suppose 4*y - 2*i - 2944 = 0, 4*y - 3*i - 2940 = -0*i. Suppose 6*a - y = 6. What are the prime factors of a?
2, 31
Let q = -111 - -324. Suppose 4*f - 66 = -w, 3*w + w = f + q. List the prime factors of w.
2, 3
Suppose -4*i + 5*y + 507 = -1565, -539 = -i - 4*y. List the prime factors of i.
523
Let t(v) = v**2 - 5*v + 4. Let o be (-5 + 13)/(2 + 0). Let w be t(o). Suppose -4*i + 80 + 88 = w. What are the prime factors of i?
2, 3, 7
List the prime factors of (-8)/(2/(-3284)*4).
2, 821
Suppose -2*v - 410 = -1054. List the prime factors of v.
2, 7, 23
Suppose -2*t + t + 20 = 0. Suppose 4*h + h = t. Suppose 6 = -2*q + h, 18 = k + q. List the prime factors of k.
19
What are the prime factors of 43/(107/(-12) + 5 + 4)?
2, 3, 43
Let a(h) = h**3 + 4*h**2 - 6*h + 4. Let c be (-80)/15 - 1/(-3). Let l be a(c). Suppose -d - 3 = -1, 0 = w + 5*d - l. List the prime factors of w.
19
Suppose 3*v + v = -5*f + 2361, -f = 4*v - 2357. List the prime factors of v.
19, 31
Suppose -36 = -5*k - k. Suppose k*l - 1716 = -7*l. List the prime factors of l.
2, 3, 11
Let y = 94 - 103. Let q(d) = -20*d - 6. What are the prime factors of q(y)?
2, 3, 29
Suppose 3*n = -2*o + 66 + 171, o = -2*n + 157. What are the prime factors of n?
7, 11
Let t(n) = -n - 2*n - 7 + 1 + 30. List the prime factors of t(0).
2, 3
Let l(r) be the third derivative of 0*r + 4/3*r**3 + 0 - 7*r**2 + 11/24*r**4 - 1/60*r**5. List the prime factors of l(11).
2
What are the prime factors of (8 - 5)/(3/985)?
5, 197
Let g(w) = 10*w**3 + 2*w**2 + 18*w + 16. List the prime factors of g(5).
2, 19, 37
Let c be (-3 + -2)*6/10. Let x(t) = -t**3 - 3*t**2 - 2*t - 7. Let p be x(c). List the prime factors of (-3)/(((-12)/(-200))/p).
2, 5
Suppose 8*i + 8680 = 28*i. What are the prime factors of i?
2, 7, 31
Suppose 0 = 55*v - 153879 + 34474. List the prime factors of v.
13, 167
Suppose -33*b + 38*b - 3140 = 0. List the prime factors of b.
2, 157
Suppose 0 = -10*z + 2*z + 1344. Suppose -2*y + z = -10. List the prime factors of y.
89
Let y(n) = -5*n**2 + 2*n - 11. Let b(h) = -11*h**2 + 4*h - 23. Let u(s) = 3*b(s) - 7*y(s). List the prime factors of u(-7).
2, 3, 5
What are the prime factors of ((-30747)/74)/(6/(-92))?
23, 277
Suppose 4*k = 577 - 77. Suppose -3*r = -3*c - 60, -5*r - 21 = -3*c - k. List the prime factors of r.
2, 11
Suppose -3*l = -5*l + 4. Suppose 2 = -l*p, 9 = r + 3*p - 5. List the prime factors of r.
17
Let b(m) = 7*m - 7. Suppose -4*w = -0*z - 3*z - 68, 4*w - 2*z = 64. What are the prime factors of b(w)?
7, 13
Suppose 3*a + 15 = -0*a + 3*c, 3*a + 14 = 2*c. What are the prime factors of (29/(-2))/(2/a)?
29
Let n = -11 - -12. Let d be -4 + 115/5 + n. Let r = 3 + d. What are the prime factors of r?
23
Let b(g) = -4*g + 13. Suppose 3*i - 56 = 17*i. What are the prime factors of b(i)?
29
Let j(x) = 12*x**2 - 1. Suppose f + 19 = 5*n, -n + 2*n = 3*f + 1. Suppose n*i + 4 + 13 = -3*k, 26 = k - 5*i. What are the prime factors of j(k)?
11
Let z = 70 + 38. Suppose 3*t - 5*t + 4*b = -z, t - 53 = b. What are the prime factors of t?
2, 13
List the prime factors of (14/28)/((-6)/(-7284)).
607
Let k = -27 + 27. Let d = -13 + k. Let x = d - -59. List the prime factors of x.
2, 23
Let g(v) = -v**2 + 11*v + 12. Let b be g(12). Suppose b = -y + h - 4, 0 = 4*y - 3*h + 7*h - 24. What are the prime factors of (-61)/(-1) - (y + -1)?
61
What are the prime factors of (-2)/((7 + 2 + -8)/(-149))?
2, 149
Let h = -289 - -688. What are the prime factors of h?
3, 7, 19
Let x(s) = -8*s - 226. Let p(r) = r. Let l(z) = -5*p(z) - x(z). List the prime factors of l(0).
2, 113
Let r(k) = -17*k + 3. Let p be r(-6). Let w = 155 - p. What are the prime factors of w?
2, 5
Suppose z = -2*h + 15, -2*h + 161 = 5*z + 54. What are the prime factors of z?
23
Let n be (15/10)/(6/20). Suppose -w = -n*w. Suppose 5*h + 9 - 74 = w. List the prime factors of h.
13
Let y be (240 + -5)/1 + (1 - 0). Let c = -32 + y. List the prime factors of c.
2, 3, 17
Let y = -2315 - -3713. List the prime factors of y.
2, 3, 233
Let k be ((-70)/56)/((-2)/8). Suppose n - 4*n = -2*v + 96, -k*v - 75 = 3*n. What are the prime factors of -2*(-1)/(-2)*n?
2, 3, 5
Let k = -363 + 229. List the prime factors of k/(-2) - (8 - 6).
5, 13
Suppose 30 = 5*s - 0*s. Suppose s*u - 7*u + 24 = 0. What are the prime factors of u?
2, 3
Suppose 10267 + 6568 = 13*h. Suppose 0 = 11*z - 4*z - h. What are the prime factors of z?
5, 37
Suppose 936 = 63*f - 450. What are the prime factors of f?
2, 11
Let s(o) = -o**3 + 9*o**2 + 12*o - 4. Let a(w) = -w**2 + 19*w + 5. Let t be a(19). List the prime factors of s(t).
2, 3, 13
Suppose 615 = 9*k - 42. Let o be (-1 - (-47)/1) + -1. Let t = k - o. List the prime factors of t.
2, 7
Let b(y) = -2884*y**3 - y**2 - 3*y. List the prime factors of b(-1).
2, 3, 13, 37
Let s(a) = -20 + 5*a + 48 + a**2 + 10*a. What are the prime factors of s(-14)?
2, 7
Let y be (3/6)/(3/(-198)). Let t be y/(-12) - (-6)/(-8). Suppose 0 = -t*m + 2*x + 20, -4 = 2*x - 3*x. List the prime factors of m.
2, 7
Suppose -3*h = -5*s + 32, 0 = 4*s + 2*h - 0*h - 8. Suppose -j - 25 = -6*j, -5*l - s*j = -120. What are the prime factors of l?
2, 5
Let v(j) = j**3 - j**2 + 7*j - 15. Let y be v(7). Suppose 165*p = 161*p + y. What are the prime factors of p?
2, 41
Suppose -344583 = -81*i - 85707. What are the prime factors of i?
2, 17, 47
Suppose 0 = -3*s + 3, -19 = -3*k - 2*s + 19. Suppose -8*l + 11*l = k. Suppose -5*t + 5 + l = 3*f, -3*f + 4*t = -9. What are the prime factors of f?
3
Suppose 5*i - 4129 = 30*p - 28*p, 4*p + 815 = i. List the prime factors of i.
827
Let r be ((-2)/(-3))/((-1)/(-6)). Suppose -4*b - 4*i + 220 = 0, 76 = 3*b - r*i - 89. List the prime factors of b.
5, 11
Let l = -67 - -67. List the prime factors of (12/8)/(l + (-3)/(-450)).
3, 5
Let w be 108/8 + -1 + (-3)/(-6). List the prime factors of (-5)/(-4 + -1) + w.
2, 7
Suppose -f = -0*f - p + 18, -5*p = -4*f - 76. Let d = 18 - 11. Let g = d - f. What are the prime factors of g?
3, 7
List the prime factors of -8 + -2 + 8 + 135.
7, 19
Suppose g + 4*a - 177 = 160, -987 = -3*g - 4*a. List the prime factors of g.
5, 13
Suppose -1251 = -3*g + 3*z - 6*z, -3*g + 1244 = -4*z. What are the prime factors of g?
2, 13
Let o = 35 + 63. List the prime factors of -3 - (o*(-3)/6 - -3).
43
Let h be (-84)/30*5*-1. Let d be (-42)/6*12/h. What are the prime factors of (d - -4)*(-2 + -7)?
2, 3
Let v(f) be the first derivative of f**5/120 + f**4/2 + f**3 - 4. Let b(i) be the third derivative of v(i). What are the prime factors of b(6)?
2, 3
Suppose -4*l = -3*x - 0*x + 11079, 0 = 2*x + 4*l - 7386. List the prime factors of x.
3, 1231
Let g = -8 - -10. Let k(w) = -3*w + g*w + 3*w**3 + 3*w**2 - 7*w**3 - 4 + 3*w**3. List the prime factors of k(-3).
53
Let d(x) = 2*x**2 - 7*x + 2. Let s be d(5). Suppose 2*b = -0*b + 28. Let y = s - b. What are the prime factors of y?
3
Let a be ((-35)/14)/(2/(-8)). Let z be ((-13)/4)/(1/4). Let k = a - z. List the prime factors of k.
23
List the prime factors of 1 + 1*1*2904 - -7.
2, 7, 13
Let o(g) = g**2 + 8*g + 61. List the prime factors of o(-26).
23
Let n(h) = -366*h - 179. What are the prime factors of n(-3)?
919
List the prime factors of -1437*((-10)/(-12) + 115/(-46)).
5, 479
Suppose 21 = 3*f + 12. Let q be (-1)/(-2*f/(-18)). Let u = q + 56. List the prime factors of u.
53
Let m(p) = -p**3 + 8*p**2 - 5*p - 6. Let y be m(5). List the prime factors of (0 + 4)*y/16.
11
Suppose -3*x + s = 2*s - 260, 3*x - 4*s - 250 = 0. Suppose -104 = 5*k - 13*k. Suppose 0 = 5*b + 3*p - x, 2*p + 12 = b - k. List the prime factors of b.
19
Let o(y) = -162*y**3 + 7*y**2 + 14*y + 10. List the prime factors of o(-2).
2, 653
Let b(z) = z**3 - 21*z**2 - 25*z + 60. Let o be b(22). List the prime factors of (-118)/o - ((-208)/(-24) + -9).
2, 5
Suppose x - 1608 = -4*c, 20*x = c + 23*x - 402. List the prime factors of c.
2, 3, 67
Suppose 57*m - 73*m + 288 = 0. What are the prime factors of m?
2, 3
Let i(s) = 6*s - 15. Let l = 5 - -10. List the prime factors of i(l).
3, 5
Suppose -5*f - 4*t = -t - 4218, 2*f + 3*t - 1680 = 0. Suppose 54 = -3*v + f. What are the prime factors of v?
2, 3, 11
Let j(g) = g**3 + g**2 - 4*g. Let n be j(3). Let u = 226 - 214